 of 11348566?
6
What is the units digit of 650436?
6
What is the hundreds digit of 3719169?
1
What is the ten thousands digit of 10392820?
9
What is the ten thousands digit of 5880521?
8
What is the hundreds digit of 478360?
3
What is the thousands digit of 3909276?
9
What is the units digit of 9189714?
4
What is the hundred thousands digit of 20203686?
2
What is the units digit of 5251946?
6
What is the hundreds digit of 29486427?
4
What is the tens digit of 14694582?
8
What is the units digit of 433958?
8
What is the tens digit of 4869446?
4
What is the ten thousands digit of 1827296?
2
What is the hundreds digit of 6692148?
1
What is the tens digit of 12762?
6
What is the tens digit of 95869?
6
What is the tens digit of 29912?
1
What is the thousands digit of 6852292?
2
What is the units digit of 1188863?
3
What is the units digit of 2629473?
3
What is the units digit of 1469053?
3
What is the hundreds digit of 1865228?
2
What is the tens digit of 27691284?
8
What is the hundreds digit of 114441?
4
What is the millions digit of 4820842?
4
What is the ten thousands digit of 7222200?
2
What is the tens digit of 207388?
8
What is the hundreds digit of 6287770?
7
What is the tens digit of 241745?
4
What is the thousands digit of 1973646?
3
What is the millions digit of 1377963?
1
What is the hundred thousands digit of 3550308?
5
What is the hundred thousands digit of 8573027?
5
What is the hundreds digit of 475181?
1
What is the tens digit of 91499?
9
What is the hundreds digit of 23730233?
2
What is the hundreds digit of 90485?
4
What is the hundred thousands digit of 17593669?
5
What is the hundreds digit of 2492215?
2
What is the hundreds digit of 41919813?
8
What is the ten thousands digit of 111203?
1
What is the ten thousands digit of 357369?
5
What is the ten thousands digit of 690345?
9
What is the hundred thousands digit of 337093?
3
What is the units digit of 9296933?
3
What is the thousands digit of 2961374?
1
What is the millions digit of 4205559?
4
What is the hundred thousands digit of 4896493?
8
What is the hundreds digit of 529914?
9
What is the tens digit of 398284?
8
What is the units digit of 377994?
4
What is the thousands digit of 850400?
0
What is the tens digit of 6565?
6
What is the units digit of 1492341?
1
What is the tens digit of 3914633?
3
What is the millions digit of 14650255?
4
What is the ten thousands digit of 220889?
2
What is the tens digit of 3106103?
0
What is the thousands digit of 38856016?
6
What is the millions digit of 1063571?
1
What is the millions digit of 15970854?
5
What is the hundred thousands digit of 29639633?
6
What is the units digit of 206686?
6
What is the hundred thousands digit of 410104?
4
What is the units digit of 12206745?
5
What is the hundred thousands digit of 111598?
1
What is the hundred thousands digit of 211816?
2
What is the ten thousands digit of 908361?
0
What is the hundreds digit of 470588?
5
What is the thousands digit of 2722991?
2
What is the ten thousands digit of 30224?
3
What is the tens digit of 29222?
2
What is the thousands digit of 290489?
0
What is the hundreds digit of 855178?
1
What is the tens digit of 597734?
3
What is the tens digit of 7067?
6
What is the ten thousands digit of 727530?
2
What is the tens digit of 37994613?
1
What is the hundred thousands digit of 153907?
1
What is the thousands digit of 1381673?
1
What is the thousands digit of 268383?
8
What is the hundred thousands digit of 1470034?
4
What is the tens digit of 54708?
0
What is the tens digit of 81206?
0
What is the tens digit of 456374?
7
What is the hundred thousands digit of 382937?
3
What is the ten millions digit of 11895436?
1
What is the units digit of 2655534?
4
What is the ten thousands digit of 4623292?
2
What is the units digit of 62126?
6
What is the thousands digit of 228578?
8
What is the hundreds digit of 28513476?
4
What is the hundred thousands digit of 147449?
1
What is the hundred thousands digit of 852794?
8
What is the hundred thousands digit of 980112?
9
What is the ten thousands digit of 5993666?
9
What is the tens digit of 10513546?
4
What is the ten millions digit of 11272918?
1
What is the units digit of 1976088?
8
What is the thousands digit of 3405154?
5
What is the hundred thousands digit of 1300968?
3
What is the units digit of 1756764?
4
What is the tens digit of 3823037?
3
What is the hundred thousands digit of 2511367?
5
What is the millions digit of 9263272?
9
What is the ten thousands digit of 182025?
8
What is the hundreds digit of 49080?
0
What is the thousands digit of 350171?
0
What is the millions digit of 12085142?
2
What is the hundred thousands digit of 217398?
2
What is the units digit of 3552125?
5
What is the tens digit of 134883?
8
What is the units digit of 36282422?
2
What is the tens digit of 320455?
5
What is the hundred thousands digit of 20533472?
5
What is the hundred thousands digit of 9969298?
9
What is the ten thousands digit of 906967?
0
What is the units digit of 9700472?
2
What is the ten thousands digit of 239739?
3
What is the thousands digit of 12232260?
2
What is the tens digit of 8909472?
7
What is the ten thousands digit of 519717?
1
What is the thousands digit of 5385345?
5
What is the ten thousands digit of 13269874?
6
What is the ten thousands digit of 181963?
8
What is the tens digit of 559062?
6
What is the ten thousands digit of 444322?
4
What is the tens digit of 4206840?
4
What is the hundred thousands digit of 252993?
2
What is the tens digit of 37769236?
3
What is the tens digit of 128089?
8
What is the hundred thousands digit of 3308356?
3
What is the tens digit of 3952668?
6
What is the hundred thousands digit of 615588?
6
What is the ten thousands digit of 156827?
5
What is the tens digit of 24977863?
6
What is the ten thousands digit of 1608840?
0
What is the hundred thousands digit of 11147018?
1
What is the units digit of 82530?
0
What is the units digit of 7051906?
6
What is the tens digit of 289323?
2
What is the hundred thousands digit of 395145?
3
What is the millions digit of 1738610?
1
What is the units digit of 6305228?
8
What is the thousands digit of 2403954?
3
What is the ten millions digit of 18829846?
1
What is the hundreds digit of 663478?
4
What is the hundreds digit of 62371?
3
What is the ten thousands digit of 1189362?
8
What is the hundred thousands digit of 938188?
9
What is the hundreds digit of 676837?
8
What is the hundreds digit of 355587?
5
What is the ten thousands digit of 50457?
5
What is the thousands digit of 242005?
2
What is the tens digit of 241658?
5
What is the thousands digit of 6419195?
9
What is the ten thousands digit of 2107275?
0
What is the ten thousands digit of 69713?
6
What is the tens digit of 887212?
1
What is the millions digit of 11625605?
1
What is the tens digit of 85729?
2
What is the hundreds digit of 1092709?
7
What is the units digit of 104814?
4
What is the hundred thousands digit of 1287055?
2
What is the hundred thousands digit of 449590?
4
What is the millions digit of 2873879?
2
What is the hundred thousands digit of 3519231?
5
What is the thousands digit of 938730?
8
What is the units digit of 9169352?
2
What is the hundreds digit of 7766895?
8
What is the ten thousands digit of 105525?
0
What is the millions digit of 2623961?
2
What is the thousands digit of 11288?
1
What is the tens digit of 1925972?
7
What is the tens digit of 911735?
3
What is the millions digit of 34953562?
4
What is the millions digit of 7145944?
7
What is the ten thousands digit of 7542195?
4
What is the ten thousands digit of 42474?
4
What is the millions digit of 2335680?
2
What is the ten thousands digit of 310484?
1
What is the units digit of 4835700?
0
What is the tens digit of 80615?
1
What is the hundreds digit of 128987?
9
What is the hundreds digit of 147221?
2
What is the units digit of 373515?
5
What is the tens digit of 30462352?
5
What is the hundred thousands digit of 16080809?
0
What is the ten thousands digit of 262397?
6
What is the thousands digit of 155970?
5
What is the millions digit of 1820151?
1
What is the hundred thousands digit of 7398640?
3
What is the ten thousands digit of 298973?
9
What is the tens digit of 124584?
8
What is the units digit 